{"id":7,"date":"2024-09-09T16:06:55","date_gmt":"2024-09-09T19:06:55","guid":{"rendered":"https:\/\/tratamientosenaguas.com.ar\/v2\/informacion\/"},"modified":"2024-12-18T16:38:33","modified_gmt":"2024-12-18T19:38:33","slug":"nosotros","status":"publish","type":"page","link":"https:\/\/tratamientosenaguas.com.ar\/v2\/nosotros\/","title":{"rendered":"Nosotros"},"content":{"rendered":"<div id=\"tdi_1\" class=\"tdc-zone\"><div class=\"tdc_zone tdi_2  wpb_row td-pb-row\"  >\n<style scoped>\n\/* custom css - generated by TagDiv Composer *\/\n\n\/* custom css - generated by TagDiv Composer *\/\n.tdi_2{\r\n                    min-height: 0;\r\n                }\n<\/style><div id=\"tdi_3\" class=\"tdc-row stretch_row_1200 td-stretch-content\"><div class=\"vc_row tdi_4  wpb_row td-pb-row\" >\n<style scoped>\n\/* custom css - generated by TagDiv Composer *\/\n\n\/* custom css - generated by TagDiv Composer *\/\n.tdi_4,\r\n                .tdi_4 .tdc-columns{\r\n                    min-height: 0;\r\n                }.tdi_4,\r\n\t\t\t\t.tdi_4 .tdc-columns{\r\n\t\t\t\t    display: block;\r\n\t\t\t\t}.tdi_4 .tdc-columns{\r\n\t\t\t\t    width: 100%;\r\n\t\t\t\t}.tdi_4:before,\r\n\t\t\t\t.tdi_4:after{\r\n\t\t\t\t    display: table;\r\n\t\t\t\t}\n\/* inline tdc_css att - generated by TagDiv Composer *\/\n\n.tdi_4{\npadding-top:50px !important;\npadding-bottom:50px !important;\n}\n\n.tdi_4 .td_block_wrap{ text-align:left }\n\n<\/style><div class=\"vc_column tdi_6 td-text-animation td-left-animation wpb_column vc_column_container tdc-column td-pb-span6 td-is-sticky\">\n<style scoped>\n\/* custom css - generated by TagDiv Composer *\/\n\n\/* custom css - generated by TagDiv Composer *\/\n.tdi_6{\r\n                    vertical-align: baseline;\r\n                }.tdi_6 > .wpb_wrapper,\r\n\t\t\t\t.tdi_6 > .wpb_wrapper > .tdc-elements{\r\n\t\t\t\t    display: block;\r\n\t\t\t\t}.tdi_6 > .wpb_wrapper > .tdc-elements{\r\n\t\t\t\t    width: 100%;\r\n\t\t\t\t}.tdi_6 > .wpb_wrapper > .vc_row_inner{\r\n\t\t\t\t    width: auto;\r\n\t\t\t\t}.tdi_6 > .wpb_wrapper{\r\n\t\t\t\t    width: auto;\r\n\t\t\t\t    height: auto;\r\n\t\t\t\t}\n<\/style><div class=\"wpb_wrapper\" data-sticky-enabled-on=\"W3RydWUsdHJ1ZSx0cnVlLHRydWVd\" data-sticky-offset=\"20\" data-sticky-is-width-auto=\"W2ZhbHNlLGZhbHNlLGZhbHNlLGZhbHNlXQ==\"><div class=\"tdm_block td_block_wrap tdm_block_inline_image tdi_7 td-animation-stack tdm-inline-block tdm-content-horiz-left td-pb-border-top td_block_template_1\"  data-td-block-uid=\"tdi_7\" >\n<style>\n\/* custom css - generated by TagDiv Composer *\/\n.tdm_block.tdm_block_inline_image{\r\n                  position: relative;\r\n                  margin-bottom: 0;\r\n                  line-height: 0;\r\n                  overflow: hidden;\r\n                }.tdm_block.tdm_block_inline_image .tdm-inline-image-wrap{\r\n                  position: relative;\r\n                  display: inline-block;\r\n                }.tdm_block.tdm_block_inline_image .td-image-video-modal{\r\n                  cursor: pointer;\r\n                }.tdm_block.tdm_block_inline_image .tdm-caption{\r\n                  width: 100%;\r\n                  font-family: Verdana, BlinkMacSystemFont, -apple-system, \"Segoe UI\", Roboto, Oxygen, Ubuntu, Cantarell, \"Open Sans\", \"Helvetica Neue\", sans-serif;\r\n                  padding-top: 6px;\r\n                  padding-bottom: 6px;\r\n                  font-size: 12px;\r\n                  font-style: italic;\r\n                  font-weight: normal;\r\n                  line-height: 17px;\r\n                  color: #444;\r\n                }.tdm_block.tdm_block_inline_image.tdm-caption-over-image .tdm-caption{\r\n                  position: absolute;\r\n                  left: 0;\r\n                  bottom: 0;\r\n                  margin-top: 0;\r\n                  padding-left: 10px;\r\n                  padding-right: 10px;\r\n                  width: 100%;\r\n                  background: rgba(0, 0, 0, 0.7);\r\n                  color: #fff;\r\n                }.tdi_7 .tdm-inline-image-wrap:hover:before{\r\n                    opacity: 0;\r\n                }.tdi_7 .tdm-image{\r\n\t\t\t\t\tborder-color:  #eaeaea;\r\n\t\t\t\t}\n<\/style><div class=\"tdm-inline-image-wrap \" ><img loading=\"lazy\" decoding=\"async\" class=\"tdm-image td-fix-index td-lazy-img\" src=\"data:image\/png;base64,iVBORw0KGgoAAAANSUhEUgAABCwAAAJEAQMAAADnqyfeAAAAA1BMVEWurq51dlI4AAAAAXRSTlMmkutdmwAAAG9JREFUeNrswYEAAAAAgKD9qRepAgAAAAAAAAAAAAAAAAAAAAAAAAAAAAAAAAAAAAAAAAAAAAAAAAAAAAAAAAAAAAAAAAAAAAAAAAAAAADg9uCQAAAAAEDQ\/9fOsAAAAAAAAAAAAAAAAAAAAAAAsAox6wABwRHV3QAAAABJRU5ErkJggg==\" data-type=\"image_tag\" data-img-url=\"https:\/\/tratamientosenaguas.com.ar\/v2\/wp-content\/uploads\/2024\/09\/sinimagen.jpg\"  title=\"sinimagen\" width=\"980\" height=\"980\"><\/div><\/div><\/div><\/div><div class=\"vc_column tdi_9 td-text-animation td-right-animation wpb_column vc_column_container tdc-column td-pb-span6\">\n<style scoped>\n\/* custom css - generated by TagDiv Composer *\/\n\n\/* custom css - generated by TagDiv Composer *\/\n.tdi_9{\r\n                    vertical-align: baseline;\r\n                }.tdi_9 > .wpb_wrapper,\r\n\t\t\t\t.tdi_9 > .wpb_wrapper > .tdc-elements{\r\n\t\t\t\t    display: block;\r\n\t\t\t\t}.tdi_9 > .wpb_wrapper > .tdc-elements{\r\n\t\t\t\t    width: 100%;\r\n\t\t\t\t}.tdi_9 > .wpb_wrapper > .vc_row_inner{\r\n\t\t\t\t    width: auto;\r\n\t\t\t\t}.tdi_9 > .wpb_wrapper{\r\n\t\t\t\t    width: auto;\r\n\t\t\t\t    height: auto;\r\n\t\t\t\t}\n<\/style><div class=\"wpb_wrapper\" ><div class=\"td_block_wrap tdb_title tdi_10 tdb-page-title td-pb-border-top td_block_template_1\"  data-td-block-uid=\"tdi_10\" >\n<style>\n\/* custom css - generated by TagDiv Composer *\/\n.tdb_title{\r\n                  margin-bottom: 19px;\r\n                }.tdb_title.tdb-content-horiz-center{\r\n                  text-align: center;\r\n                }.tdb_title.tdb-content-horiz-center .tdb-title-line{\r\n                  margin: 0 auto;\r\n                }.tdb_title.tdb-content-horiz-right{\r\n                  text-align: right;\r\n                }.tdb_title.tdb-content-horiz-right .tdb-title-line{\r\n                  margin-left: auto;\r\n                  margin-right: 0;\r\n                }.tdb-title-text{\r\n                  display: inline-block;\r\n                  position: relative;\r\n                  margin: 0;\r\n                  word-wrap: break-word;\r\n                  font-size: 30px;\r\n                  line-height: 38px;\r\n                  font-weight: 700;\r\n                }.tdb-first-letter{\r\n                  position: absolute;\r\n                  -webkit-user-select: none;\r\n                  user-select: none;\r\n                  pointer-events: none;\r\n                  text-transform: uppercase;\r\n                  color: rgba(0, 0, 0, 0.08);\r\n                  font-size: 6em;\r\n                  font-weight: 300;\r\n                  top: 50%;\r\n                  -webkit-transform: translateY(-50%);\r\n                  transform: translateY(-50%);\r\n                  left: -0.36em;\r\n                  z-index: -1;\r\n                  -webkit-text-fill-color: initial;\r\n                }.tdb-title-line{\r\n                  display: none;\r\n                  position: relative;\r\n                }.tdb-title-line:after{\r\n                  content: '';\r\n                  width: 100%;\r\n                  position: absolute;\r\n                  background-color: var(--td_theme_color, #4db2ec);\r\n                  top: 0;\r\n                  left: 0;\r\n                  margin: auto;\r\n                }.tdi_10 .tdb-title-text{\r\n\t\t\t\t\tbackground-color: #112a42;\r\n\t\t\t\t\t-webkit-background-clip: text;\r\n\t\t\t\t\t-webkit-text-fill-color: transparent;\r\n\t\t\t\t\r\n\t\t\t\t\tfont-family:Lato !important;font-style:oblique !important;font-weight:900 !important;text-transform:uppercase !important;\r\n\t\t\t\t}html[class*='ie'] .tdi_10 .tdb-title-text{\r\n\t\t\t\t    background: none;\r\n\t\t\t\t\tcolor: #112a42;\r\n\t\t\t\t}.tdi_10 .tdb-title-line:after{\r\n\t\t\t\t\theight: 2px;\r\n\t\t\t\t\r\n\t\t\t\t\tbottom: 40%;\r\n\t\t\t\t}.tdi_10 .tdb-title-line{\r\n\t\t\t\t\theight: 50px;\r\n\t\t\t\t}.td-theme-wrap .tdi_10{\r\n\t\t\t\t\ttext-align: left;\r\n\t\t\t\t}.tdi_10 .tdb-first-letter{\r\n\t\t\t\t\tleft: -0.36em;\r\n\t\t\t\t\tright: auto;\r\n\t\t\t\t}\n<\/style><div class=\"tdb-block-inner td-fix-index\"><h1 class=\"tdb-title-text\"><span class=\"tdb-add-text\">Sobre <\/span>Sample Page Title<\/h1><div><\/div><div class=\"tdb-title-line\"><\/div><\/div><\/div><div class=\"wpb_wrapper wpb_text_column td_block_wrap td_block_wrap vc_column_text tdi_11  tagdiv-type td-pb-border-top td_block_template_1\"  data-td-block-uid=\"tdi_11\" >\n<style>\n\/* custom css - generated by TagDiv Composer *\/\n.vc_column_text > .td-element-style{\r\n\t\t\t\t\tz-index: -1;\r\n\t\t\t\t}.tdi_11,\r\n                .tdi_11 p{\r\n\t\t\t        font-family:Lato !important;\r\n\t\t        }.tdi_11 h1{\r\n\t\t\t        font-family:Lato !important;\r\n\t\t        }.tdi_11 h2{\r\n\t\t\t        font-family:Lato !important;\r\n\t\t        }.tdi_11 h3{\r\n\t\t\t        font-family:Lato !important;line-height:1.2 !important;font-style:oblique !important;font-weight:900 !important;letter-spacing:-1px !important;\r\n\t\t        }\n<\/style><div class=\"td-fix-index\"><h3><strong>Somos una empresa formada por ingenieros y t\u00e9cnicos de reconocida trayectoria y vasta experiencia, con el claro objetivo de brindar soluciones integrales eficientes y definitivas en el rubro \u201cagua\u201d.<\/strong><\/h3>\n<p>Abarcamos una amplia gama de\u00a0<a href=\"https:\/\/tratamientosenaguas.com.ar\/v2\/productos\/\">productos y servicios<\/a>\u00a0que comienza con la captaci\u00f3n de muestras acompa\u00f1adas de estudios geol\u00f3gicos e hidrol\u00f3gicos para el mejor aprovechamiento de los acu\u00edferos, hasta el procesamiento de la misma para convertirla en apta para el consumo humano.<\/p>\n<p>Tambi\u00e9n se realizan procesos posteriores como drenajes y tratamientos especiales de efluentes, desarrollando proyectos y obras que se ajustan a cada caso y a cada necesidad.<\/p>\n<p>Adem\u00e1s, contamos con un servicio de venta de bombas, el correcto asesoramiento y un taller de reparaci\u00f3n con un stock permanente de repuestos.<\/p>\n<p>En\u00a0<strong>Tratamientos en Aguas<\/strong>\u00a0estamos convencidos de que nuestros clientes son mucho m\u00e1s que una transacci\u00f3n comercial, son nuestros amigos y pueden depositar en nosotros toda su confianza, por tal motivo les brindamos un servicio post venta inmediato y eficiente, con t\u00e9cnicos capacitados que garantizan atenci\u00f3n personalizada y permanente.<\/p>\n<p><div class=\"wpb_wrapper td_block_wrap vc_raw_html tdi_13 \">\n<style scoped>\n\/* custom css - generated by TagDiv Composer *\/\n\n\/* inline tdc_css att - generated by TagDiv Composer *\/\n\n.tdi_13{\nmargin-bottom:0px !important;\n}\n\n<\/style><div class=\"td-fix-index\"><script>\njQuery.fn.isInViewport = function() {\n    var elementTop = jQuery(this).offset().top;\n    var elementBottom = elementTop + jQuery(this).outerHeight();\n\n    var viewportTop = jQuery(window).scrollTop();\n    var viewportBottom = viewportTop + jQuery(window).height();\n\n    return elementBottom > viewportTop && elementTop < viewportBottom;\n};\njQuery(window).load(function() {\n    jQuery(\".td-text-animation\").each(function (){\n        var top_of_element = jQuery(this).offset().top;\n        var bottom_of_element = jQuery(this).offset().top + jQuery(this).outerHeight();\n        var bottom_of_screen = jQuery(window).scrollTop() + jQuery(window).innerHeight();\n        var top_of_screen = jQuery(window).scrollTop();\n\n        if ((bottom_of_screen > top_of_element) && (top_of_screen < bottom_of_element)){\n            jQuery(this).addClass(\"td-in-viewport\");\n        } else {\n            jQuery(this).removeClass(\"td-in-viewport\");\n        }\n    });\n});\njQuery(window).scroll(function() {\n    jQuery(\".td-text-animation\").each(function (){\n        var top_of_element = jQuery(this).offset().top;\n        var bottom_of_element = jQuery(this).offset().top + jQuery(this).outerHeight();\n        var bottom_of_screen = jQuery(window).scrollTop() + jQuery(window).innerHeight();\n        var top_of_screen = jQuery(window).scrollTop();\n\n        if ((bottom_of_screen > top_of_element) && (top_of_screen < bottom_of_element)){\n            jQuery(this).addClass(\"td-in-viewport\");\n        } else {\n            jQuery(this).removeClass(\"td-in-viewport\");\n        }\n    });\n});\n<\/script><\/div><\/div><div class=\"td_block_wrap td_block_raw_css tdi_14 td-pb-border-top td_block_template_1\"  data-td-block-uid=\"tdi_14\" ><div id=tdi_14 class=\"td_block_inner td-fix-index\"><style>body:not(.tdc-theme-Newspaper) .td-text-animation {\n  transition: all 0.4s;\n  transition-delay: 0.33s;\n  opacity: 0;\n}\nbody:not(.tdc-theme-Newspaper) .td-in-viewport {\n  opacity: 1;\n}\nbody:not(.tdc-theme-Newspaper) .td-vertical-animation.td-text-animation {\n  transform: translateY(40px);\n}\nbody:not(.tdc-theme-Newspaper) .td-left-animation.td-text-animation {\n  transform: translateX(-40px);\n}\nbody:not(.tdc-theme-Newspaper) .td-right-animation.td-text-animation {\n  transform: translateX(40px);\n}\nbody:not(.tdc-theme-Newspaper) .td-vertical-animation.td-in-viewport {\n  transform: translateY(0);\n}\nbody:not(.tdc-theme-Newspaper) .td-left-animation.td-in-viewport,\nbody:not(.tdc-theme-Newspaper) .td-right-animation.td-in-viewport {\n  transform: translateX(0);\n}\nbody:not(.tdc-theme-Newspaper) .td-order-1 {\n  transition-delay: 0.66s;\n}\nbody:not(.tdc-theme-Newspaper) .td-order-2 {\n  transition-delay: 1s;\n}\nbody:not(.tdc-theme-Newspaper) .td-order-3 {\n  transition-delay: 1.33s;\n}\n@media (max-width: 767px) {\n  body:not(.tdc-theme-Newspaper) .td-text-animation {\n    transition-delay: 0s;\n  }\n  body:not(.tdc-theme-Newspaper) .td-order-1 {\n    transition-delay: 1s;\n  }\n  body:not(.tdc-theme-Newspaper) .td-order-2 {\n    transition-delay: 1.5s;\n  }\n  body:not(.tdc-theme-Newspaper) .td-order-3 {\n    transition-delay: 2s;\n  }\n}\n.td-header-desktop-sticky-wrap .tdc-element-style {\n  backdrop-filter: blur(10px);\n}\n@keyframes slide {\n  0% {\n    left: 0px;\n  }\n  100% {\n    left: -3500px;\n  }\n}\n.td-infinite-scroll {\n  animation: slide 100s linear infinite;\n  float: none !important;\n}\n@media (max-width: 767px) {\n  @keyframes slide {\n    0% {\n      left: 0px;\n    }\n    100% {\n      left: -3000px;\n    }\n  }\n}\n<\/style><\/div><\/div><\/p>\n<\/div><\/div><\/div><\/div><\/div><\/div><div id=\"tdi_15\" class=\"tdc-row\"><div class=\"vc_row tdi_16  wpb_row td-pb-row\" >\n<style scoped>\n\/* custom css - generated by TagDiv Composer *\/\n\n\/* custom css - generated by TagDiv Composer *\/\n.tdi_16,\r\n                .tdi_16 .tdc-columns{\r\n                    min-height: 0;\r\n                }.tdi_16,\r\n\t\t\t\t.tdi_16 .tdc-columns{\r\n\t\t\t\t    display: block;\r\n\t\t\t\t}.tdi_16 .tdc-columns{\r\n\t\t\t\t    width: 100%;\r\n\t\t\t\t}.tdi_16:before,\r\n\t\t\t\t.tdi_16:after{\r\n\t\t\t\t    display: table;\r\n\t\t\t\t}\n<\/style><div class=\"vc_column tdi_18  wpb_column vc_column_container tdc-column td-pb-span12\">\n<style scoped>\n\/* custom css - generated by TagDiv Composer *\/\n\n\/* custom css - generated by TagDiv Composer *\/\n.tdi_18{\r\n                    vertical-align: baseline;\r\n                }.tdi_18 > .wpb_wrapper,\r\n\t\t\t\t.tdi_18 > .wpb_wrapper > .tdc-elements{\r\n\t\t\t\t    display: block;\r\n\t\t\t\t}.tdi_18 > .wpb_wrapper > .tdc-elements{\r\n\t\t\t\t    width: 100%;\r\n\t\t\t\t}.tdi_18 > .wpb_wrapper > .vc_row_inner{\r\n\t\t\t\t    width: auto;\r\n\t\t\t\t}.tdi_18 > .wpb_wrapper{\r\n\t\t\t\t    width: auto;\r\n\t\t\t\t    height: auto;\r\n\t\t\t\t}\n<\/style><div class=\"wpb_wrapper\" ><div class=\"wpb_wrapper td_block_separator td_block_wrap vc_separator tdi_20  td_separator_solid td_separator_center\"><span style=\"border-color:#EBEBEB;border-width:1px;width:100%;\"><\/span>\n<style scoped>\n\/* custom css - generated by TagDiv Composer *\/\n\n\/* custom css - generated by TagDiv Composer *\/\n.td_block_separator{\r\n                  width: 100%;\r\n                  align-items: center;\r\n                  margin-bottom: 38px;\r\n                  padding-bottom: 10px;\r\n                }.td_block_separator span{\r\n                  position: relative;\r\n                  display: block;\r\n                  margin: 0 auto;\r\n                  width: 100%;\r\n                  height: 1px;\r\n                  border-top: 1px solid #EBEBEB;\r\n                }.td_separator_align_left span{\r\n                  margin-left: 0;\r\n                }.td_separator_align_right span{\r\n                  margin-right: 0;\r\n                }.td_separator_dashed span{\r\n                  border-top-style: dashed;\r\n                }.td_separator_dotted span{\r\n                  border-top-style: dotted;\r\n                }.td_separator_double span{\r\n                  height: 3px;\r\n                  border-bottom: 1px solid #EBEBEB;\r\n                }.td_separator_shadow > span{\r\n                  position: relative;\r\n                  height: 20px;\r\n                  overflow: hidden;\r\n                  border: 0;\r\n                  color: #EBEBEB;\r\n                }.td_separator_shadow > span > span{\r\n                  position: absolute;\r\n                  top: -30px;\r\n                  left: 0;\r\n                  right: 0;\r\n                  margin: 0 auto;\r\n                  height: 13px;\r\n                  width: 98%;\r\n                  border-radius: 100%;\r\n                }html :where([style*='border-width']){\r\n                    border-style: none;\r\n                }\n<\/style><\/div><\/div><\/div><\/div><\/div><\/div><\/div>","protected":false},"excerpt":{"rendered":"","protected":false},"author":2,"featured_media":0,"parent":0,"menu_order":0,"comment_status":"closed","ping_status":"closed","template":"","meta":{"footnotes":""},"class_list":["post-7","page","type-page","status-publish"],"_links":{"self":[{"href":"https:\/\/tratamientosenaguas.com.ar\/v2\/wp-json\/wp\/v2\/pages\/7","targetHints":{"allow":["GET"]}}],"collection":[{"href":"https:\/\/tratamientosenaguas.com.ar\/v2\/wp-json\/wp\/v2\/pages"}],"about":[{"href":"https:\/\/tratamientosenaguas.com.ar\/v2\/wp-json\/wp\/v2\/types\/page"}],"author":[{"embeddable":true,"href":"https:\/\/tratamientosenaguas.com.ar\/v2\/wp-json\/wp\/v2\/users\/2"}],"replies":[{"embeddable":true,"href":"https:\/\/tratamientosenaguas.com.ar\/v2\/wp-json\/wp\/v2\/comments?post=7"}],"version-history":[{"count":10,"href":"https:\/\/tratamientosenaguas.com.ar\/v2\/wp-json\/wp\/v2\/pages\/7\/revisions"}],"predecessor-version":[{"id":354,"href":"https:\/\/tratamientosenaguas.com.ar\/v2\/wp-json\/wp\/v2\/pages\/7\/revisions\/354"}],"wp:attachment":[{"href":"https:\/\/tratamientosenaguas.com.ar\/v2\/wp-json\/wp\/v2\/media?parent=7"}],"curies":[{"name":"wp","href":"https:\/\/api.w.org\/{rel}","templated":true}]}}